+ 6*j + 12. Give n(8).
-4
Let v(t) = t**3 - 11*t**2 - 16. What is v(10)?
-116
Let b(u) = -u - 19. What is b(7)?
-26
Let u(n) = n**3 + 13*n**2 + 2*n - 7. Determine u(-13).
-33
Let a(n) = n**2 - 2*n - 4. What is a(-2)?
4
Let a(y) = y**3 + y**2 + y - 88. Calculate a(0).
-88
Let n(d) = -d**3 + 2*d**2 + 17*d + 17. Calculate n(-1).
3
Let n(j) = j**2 - j - 2. Calculate n(5).
18
Let k(n) = n + 23. Give k(-7).
16
Let f(q) = q**2 + 41*q + 84. Give f(-39).
6
Let l(p) = -p**3 - 8*p**2 + 9*p + 73. Determine l(-8).
1
Let u(z) = -8*z - 29. What is u(-11)?
59
Let a(o) = -o**2 + 3*o - 5. Determine a(6).
-23
Let h(b) = 4*b**2 - 22*b + 12. Give h(9).
138
Let k(p) = -3*p**2 - 8*p + 6. What is k(-8)?
-122
Let n(c) = -c**2 - 18*c - 15. What is n(-16)?
17
Let w(b) = 2*b**3 - 22*b**2 - 27*b + 19. Determine w(12).
-17
Let r(k) = -k**2 + 4*k + 11. Determine r(0).
11
Let r(z) = 5*z - 26. Determine r(9).
19
Let g(z) = 8*z + 58. Determine g(-8).
-6
Let a(b) = b**2 + 22*b - 53. Calculate a(-24).
-5
Let x(g) = -g**3 + g**2 - 3*g + 16. Give x(0).
16
Let z(p) = 6*p - 13. Calculate z(4).
11
Let w(m) = 16*m**2 - 2*m + 9. Give w(2).
69
Let f(i) = 9*i - 61. Give f(6).
-7
Let j(n) = -2*n**2 - n + 5. Give j(2).
-5
Let h(f) = -12*f**3 - 6*f**2 + 7*f - 1. Determine h(1).
-12
Let d(i) = 72*i**3 + 1. Give d(1).
73
Let y(g) = -g - 38. Give y(-5).
-33
Let h(i) = -i**3 + 11*i**2 - 19*i - 8. What is h(8)?
32
Let w(y) = y**3 - 2*y**2 + 2. Give w(2).
2
Let h(i) = -i**2 - 4*i - 6. Calculate h(-5).
-11
Let c(k) = -k**3 - 13*k**2 - 13*k + 5. Determine c(-12).
17
Let v(w) = 2*w**2 + 12*w. What is v(-1)?
-10
Let n(r) = -r**2 + 4*r - 8. Calculate n(0).
-8
Let w(m) = 2*m**2 - 17*m. Determine w(8).
-8
Let u(j) = -j**3 + 5*j**2 - 3*j + 3. Calculate u(4).
7
Let z(x) = 3*x + 35. Calculate z(-12).
-1
Let b(q) = q**2 + 2*q - 31. Give b(0).
-31
Let d(g) = g**2 - 21*g + 81. What is d(14)?
-17
Let l(i) = 2*i**2 - 34*i + 133. What is l(5)?
13
Let g(r) = -2*r + 37. Determine g(20).
-3
Let g(u) = u**3 + 9*u**2 - 6*u + 32. Give g(-10).
-8
Let a(m) = m + 14. Calculate a(-7).
7
Let y(v) = 4*v**3 - 4*v**2 - 6*v - 4. Calculate y(-2).
-40
Let i(m) = -2*m - 63. Determine i(-43).
23
Let b(w) = -w**3 + 5*w**2 - 5*w - 1. Calculate b(4).
-5
Let v(i) = i**2 + 4*i - 8. Determine v(-5).
-3
Let a(s) = -s**2 - 6*s + 1. Give a(-5).
6
Let f(g) = -2*g**3 + 12*g**2 - 2*g + 14. What is f(6)?
2
Let f(w) = 5*w**2 - 7. What is f(-3)?
38
Let t(y) = -y**3 - 3*y**2 - y - 1. Calculate t(2).
-23
Let f(s) = -10*s + 2. Determine f(-1).
12
Let y(l) = -36*l + 333. What is y(9)?
9
Let p(g) = -9*g - 52. Calculate p(-6).
2
Let k(l) = 6*l - 1. Give k(-4).
-25
Let t(p) = p**3 + 5*p**2 + 10*p + 10. What is t(-2)?
2
Let k(m) = 2*m**3 + 7*m**2 + 3*m + 3. Calculate k(-3).
3
Let u(y) = -2*y - 4. Give u(2).
-8
Let o(d) = -2*d**2 - 1. Determine o(-1).
-3
Let x(w) = 8*w - 30. What is x(6)?
18
Let w(c) = c - 9. What is w(9)?
0
Let c(r) = 4*r**2 + 2*r - 3. Calculate c(-2).
9
Let z(l) = l**3 + 11*l**2 - 12*l + 8. Give z(-12).
8
Let d(c) = -c**2 - 17*c - 83. Give d(-6).
-17
Let w(f) = 2*f**3 + 2*f**2 - f - 1. Calculate w(1).
2
Let b(r) = -9*r - 7. What is b(-6)?
47
Let u(w) = w**3 + 14*w**2 + 27*w + 11. Give u(-11).
77
Let i(k) = 24*k - 8. Determine i(-4).
-104
Let b(j) = 9*j**2 - 2*j + 3. Give b(1).
10
Let c(g) = -g**2 - 10*g + 12. Calculate c(-10).
12
Let m(o) = -o**2 + 19*o - 31. Calculate m(10).
59
Let v(y) = -y**3 + 14*y**2 + 14*y + 24. What is v(15)?
9
Let t(x) = -x**3 + x**2 - x - 31. Give t(0).
-31
Let k(r) = 2*r - 2. Give k(11).
20
Let q(r) = -r - 2. Calculate q(-14).
12
Let m(s) = -s**2 - s + 10. What is m(-4)?
-2
Let o(j) = j**2 - 16*j + 28. Determine o(13).
-11
Let v(w) = -11*w - 61. What is v(-7)?
16
Let j(m) = -6*m + 140. Calculate j(24).
-4
Let m(i) = -3*i + 39. What is m(7)?
18
Let a(h) = -h**3 + h**2 - 5*h - 15. Give a(0).
-15
Let p(a) = -3*a**2 - 56*a + 363. Determine p(5).
8
Let u(o) = -o**2 + 3*o + 2. What is u(3)?
2
Let t(u) = -u**2 + 6*u + 96. What is t(-7)?
5
Let f(d) = d**3 + 14*d**2 + 15*d + 20. Determine f(-13).
-6
Let o(y) = y**3 - 13*y**2 + 25*y - 15. Give o(11).
18
Let q(j) = -2*j**2 + 7*j + 7. Determine q(-4).
-53
Let v(k) = k**3 - 30*k**2 + 2*k - 72. Determine v(30).
-12
Let g(a) = a**3 - 6*a**2 + 5*a - 8. Give g(6).
22
Let y(n) = -9*n + 5. Calculate y(5).
-40
Let d(p) = -p**3 - 14*p**2 - 18*p - 73. What is d(-13)?
-8
Let g(p) = p**3 - 9*p**2 + 16*p + 4. Give g(5).
-16
Let t(o) = o**3 + 17*o**2 - 60*o + 6. Calculate t(-20).
6
Let o(c) = c**3 - 10*c**2 - 9*c - 18. Determine o(11).
4
Let h(p) = p**2 - p - 26. What is h(6)?
4
Let i(j) = -20*j + 498. Determine i(25).
-2
Let w(u) = -u**2 + 12*u - 8. Determine w(10).
12
Let w(g) = -13*g**2 - 5*g - 3. Give w(-3).
-105
Let k(g) = -g + 15. Calculate k(6).
9
Let j(s) = 74*s + 377. Give j(-5).
7
Let y(s) = -12*s - 538. Calculate y(-44).
-10
Let v(r) = -23*r - 96. Calculate v(-5).
19
Let v(d) = 14*d + 71. Determine v(-5).
1
Let h(a) = -a**2 + a - 2. What is h(1)?
-2
Let i(c) = c - 12. Calculate i(15).
3
Let l(i) = 7*i - 13. What is l(3)?
8
Let t(i) = i**2 + 4*i + 11. Determine t(-7).
32
Let u(z) = -3*z**2 - 17*z + 7. What is u(-6)?
1
Let r(k) = -7*k - 9. What is r(-2)?
5
Let m(s) = -s**2 - 25*s - 51. Determine m(-23).
-5
Let h(k) = k**3 - 7*k**2 - 10*k + 6. Give h(8).
-10
Let c(k) = -31*k**2. Calculate c(1).
-31
Let n(i) = i**2 + 8*i - 12. What is n(-7)?
-19
Let m(i) = i. Give m(-9).
-9
Let y(n) = n + 4. Give y(5).
9
Let t(l) = l**3 - 2*l**2 + 3*l + 2. What is t(4)?
46
Let u(y) = -y**2 + 14*y + 5. Give u(7).
54
Let x(i) = -82*i - 76. Calculate x(-1).
6
Let g(t) = -4*t**3 + 28*t**2 - 3. Give g(7).
-3
Let p(j) = 7*j + 49. What is p(-6)?
7
Let b(d) = -d**3 + 7*d**2 + 18*d - 3. Determine b(9).
-3
Let v(f) = -f**3 + 16*f**2 + 3*f - 55. Determine v(16).
-7
Let q(v) = -v - 5. Give q(14).
-19
Let s(w) = -w**3 + 43*w**2 - 82*w - 1. What is s(41)?
-1
Let x(i) = -10*i**2 + i + 1. Determine x(-1).
-10
Let l(g) = -15*g + 10. What is l(0)?
10
Let o(k) = 5*k - 20. Calculate o(8).
20
Let f(w) = -w**3 + 5*w**2 + 5. Determine f(5).
5
Let r(h) = 2*h**3 - 7*h**2 - 3*h + 4. What is r(5)?
64
Let y(m) = m**3 - 4*m**2 - 2*m + 6. What is y(4)?
-2
Let z(k) = 11*k - 225. What is z(19)?
-16
Let i(b) = 4*b + 102. What is i(-16)?
38
Let v(q) = q**3 + 12*q**2 + q - 15. Determine v(-12).
-27
Let o(j) = -j**3 - 15*j**2 + 15*j + 14. Give o(-16).
30
Let g(u) = u**3 + u**2 + u + 1. Give g(0).
1
Let b(x) = -6*x**3 - 2*x**2 + 4*x + 13. What is b(-3)?
145
Let q(a) = 3*a**2 + 9*a + 1. Determine q(-4).
13
Let j(p) = 3*p + 12. Determine j(-13).
-27
Let v(y) = -y**2 + 37*y + 200. Determine v(42).
-10
Let x(r) = -r + 11. Give x(-8).
19
Let p(t) = -38*t - 218. What is p(-6)?
10
Let t(l) = l + 7. Determine t(-7).
0
Let l(y) = -13*y + 7. Calculate l(3).
-32
Let q(u) = 2*u**2 - 23*u - 186. Give q(-6).
24
Let d(r) = -17*r**2 - 8*r - 2. Calculate d(-1).
-11
Let l(z) = z**2 - 10*z + 18. Determine l(7).
-3
Let c(a) = -a - 6. Give c(-8).
2
Let c(p) = p**3 - 11*p**2 + 8*p + 20. Determine c(10).
0
Let z(y) = y**3 - 6*y**2 - 216*y + 5. Calculate z(18).
5
Let x(w) = 5*w**2 - 11*w + 1. What is x(2)?
-1
Let r(k) = -k**3 - 11*k**2 + 23*k - 31. Give r(-13).
8
Let i(w) = -3*w**3 - w**2 - w - 2. Calculate i(2).
-32
Let i(c) = 2*c + 18. Determine i(5).
28
Let b(k) = 6*k - 4. What is b(2)?
8
Let v(l) = l**3 + 10*l**2 + 12*l + 1. Give v(-8).
33
Let n(b) = 2*b**3 + 35*b**2 - 20*b - 25. Give n(-18).
11
Let x(d) = d**3 + 18*d**2 + 49*d + 62. Determine x(-15).
2
Let n(a) = -7*a + 4. Calculate n(1).
-3
Let o(s) = s + 14. Calculate o(7).
21
Let u(y) = -3*y - 14. Calculate u(-7).
7
Let p(k) = -k**3 - 13*k + 14. What is p(1)?
0
Let j(t) = 2*t**2 - 10*t + 11. Give j(5).
11
Let p(l) = 2*l**2 - 6*l + 11. Give p(4).
19
Let i(v) = v**3 + 46*v**2 + 131*v + 93. Calculate i(-43).
7
Let f(r) = 5*r + 130. Determine f(-26).
0
Let k(v) = v - 4. Give k(-11).
-15
Let b(c) = c**2 + 5*c - 6. What is b(-6)?
0
Let f(d) = 45*d + 405. Calculate f(-9).
0
Let t(a) = a**2 - a - 181. Give t(14).
1
Let j(y) = y**2 + 3*y - 13. Give j(3).
5
Let n(c) = -12*c + 2. Give n(-1).
14
Let c(k) = -k**2 + 16*k + 721. Determine c(36).
1
Let h(d) = -25*d - 1. Give h(2).
-51
Let a(o) = -o**3 - 97*o**2 - 100*o - 381. What is a(-96)?
3
Let s(b) = 3*b - 29. Determine s(-12).
-65
Let j(h) = -16*h**2 -